 5.
24110
What is 95 (base 12) in base 6?
305
What is -38854 (base 10) in base 11?
-27212
Convert -4516 (base 7) to base 10.
-1630
Convert 10101110001011 (base 2) to base 14.
40c3
What is -355 (base 10) in base 7?
-1015
236 (base 16) to base 8
1066
Convert 5178 (base 14) to base 5.
422042
Convert -14622 (base 8) to base 9.
-8873
Convert -11306 (base 8) to base 12.
-2946
Convert 23301 (base 4) to base 12.
529
What is 14383 (base 9) in base 12?
5803
-11402 (base 7) to base 9
-4028
Convert -3113 (base 11) to base 9.
-5586
-235513 (base 7) to base 3
-2011200201
What is 121114 (base 5) in base 11?
3452
Convert 56a6 (base 11) to base 16.
1d49
Convert 120122 (base 3) to base 14.
222
What is -15 (base 14) in base 13?
-16
Convert 112432 (base 8) to base 6.
452414
What is -10000100010 (base 2) in base 9?
-1405
What is -1817 (base 10) in base 12?
-1075
Convert 3613 (base 8) to base 9.
2575
17426 (base 8) to base 5
223313
Convert -2100112 (base 4) to base 11.
-6a39
29c2 (base 15) to base 9
13252
Convert 2213303 (base 5) to base 13.
14737
What is 23210 (base 4) in base 12?
518
What is 113cb (base 13) in base 10?
31432
Convert 317 (base 8) to base 5.
1312
Convert 2b3 (base 12) to base 15.
1d3
5176 (base 9) to base 10
3795
4123 (base 5) to base 15
25d
104204 (base 5) to base 14
14ab
-2154 (base 6) to base 5
-4002
87b (base 14) to base 4
122031
What is -10caa (base 13) in base 3?
-1120011010
-3db (base 15) to base 10
-881
Convert -1011 (base 2) to base 13.
-b
What is -2 (base 16) in base 8?
-2
Convert 302 (base 10) to base 8.
456
What is 35cc (base 13) in base 3?
101102122
What is 32101 (base 4) in base 3?
1020211
What is 2131 (base 4) in base 2?
10011101
-223 (base 8) to base 12
-103
Convert 1154 (base 8) to base 11.
514
What is -6026 (base 9) in base 15?
-1483
Convert 11c2 (base 16) to base 4.
1013002
-a10 (base 12) to base 7
-4143
What is 12201 (base 5) in base 16?
39e
Convert -26c (base 16) to base 6.
-2512
What is -10324 (base 6) in base 16?
-58c
Convert -13755 (base 9) to base 6.
-111205
What is -1021 (base 6) in base 7?
-445
What is 1624 (base 14) in base 5?
111302
-270 (base 11) to base 16
-13f
Convert -30090 (base 10) to base 2.
-111010110001010
What is 1b (base 12) in base 16?
17
Convert -110101101111 (base 2) to base 13.
-1747
Convert -281 (base 14) to base 11.
-41a
Convert 11542 (base 7) to base 9.
4124
What is -577 (base 8) in base 2?
-101111111
What is 11000110101 (base 2) in base 7?
4430
What is 10634 (base 10) in base 8?
24612
What is 20aa9 (base 11) in base 9?
45882
What is -289 (base 11) in base 2?
-101010011
-7436 (base 11) to base 12
-5840
What is 9354 (base 10) in base 4?
2102022
Convert -101 (base 15) to base 8.
-342
What is -103033 (base 4) in base 15?
-571
What is 1011 (base 9) in base 16?
2e3
Convert -18448 (base 9) to base 10.
-12761
Convert 771 (base 12) to base 11.
904
Convert 2481b (base 12) to base 8.
140627
Convert 6317 (base 8) to base 5.
101104
Convert -13a64 (base 16) to base 3.
-11002101220
-4652 (base 13) to base 14
-384d
-33 (base 4) to base 15
-10
1110111100 (base 2) to base 5
12311
Convert 2133312 (base 4) to base 7.
41553
Convert -16a (base 11) to base 13.
-122
What is 5100 (base 14) in base 7?
55400
-84 (base 16) to base 15
-8c
3299 (base 10) to base 16
ce3
Convert 246 (base 8) to base 13.
ca
What is 16117 (base 10) in base 9?
24087
-5e8 (base 15) to base 10
-1343
-7166 (base 14) to base 9
-28660
-11400 (base 5) to base 3
-1011111
Convert 16820 (base 9) to base 10.
11601
178 (base 14) to base 16
12e
-3030 (base 10) to base 11
-2305
-2995 (base 15) to base 8
-21323
11100001 (base 2) to base 8
341
Convert 104e (base 16) to base 8.
10116
What is 3023 (base 4) in base 6?
535
What is -22c (base 14) in base 6?
-2000
What is -3864 (base 11) in base 16?
-13a7
36113 (base 7) to base 13
431c
What is -1130123 (base 4) in base 12?
-350b
Convert 666e (base 16) to base 10.
26222
22024 (base 5) to base 11
1157
1100110101011011 (base 2) to base 12
2650b
What is -1011012001 (base 3) in base 4?
-11203033
-e3e9 (base 16) to base 11
-3a921
Convert -20202 (base 3) to base 6.
-502
What is -43b (base 13) in base 5?
-10401
Convert 841 (base 9) to base 8.
1255
What is -122330 (base 4) in base 8?
-3274
What is 255 (base 12) in base 15?
188
What is 7432 (base 11) in base 13?
4628
Convert -154a (base 11) to base 13.
-ba1
-20112 (base 3) to base 16
-b0
Convert 23323 (base 6) to base 2.
110100100011
Convert -490 (base 14) to base 6.
-4114
What is -444000 (base 5) in base 11?
-10711
Convert -30140 (base 6) to base 2.
-111101101100
231221 (base 5) to base 7
33142
Convert -a7 (base 14) to base 10.
-147
5a2 (base 11) to base 4
23031
Convert 301342 (base 5) to base 9.
14143
What is -5319 (base 14) in base 11?
-a849
102200 (base 3) to base 7
630
Convert 30331 (base 4) to base 9.
1121
What is -3bef (base 16) in base 2?
-11101111101111
What is 16215 (base 7) in base 15?
1549
Convert -1015 (base 7) to base 6.
-1351
What is -2847 (base 10) in base 16?
-b1f
-302311 (base 4) to base 8
-6265
What is -20633 (base 9) in base 12?
-7a86
Convert 111100101110010 (base 2) to base 8.
74562
What is -2831 (base 9) in base 12?
-129a
What is 301 (base 7) in base 9?
174
What is -78 (base 16) in base 3?
-11110
1dc (base 16) to base 4
13130
Convert -6598 (base 11) to base 10.
-8698
-1333 (base 8) to base 9
-1002
Convert 5589 (base 14) to base 7.
61132
What is -122210000 (base 3) in base 14?
-4a1a
-1209 (base 12) to base 8
-3751
What is -66535 (base 8) in base 4?
-12311131
-1181 (base 10) to base 4
-102131
What is 111100100010 (base 2) in base 5?
110444
What is 16036 (base 11) in base 4?
11202022
352 (base 6) to base 3
12012
2886 (base 10) to base 3
10221220
12660 (base 10) to base 13
59bb
10a (base 16) to base 10
266
-c3a2 (base 13) to base 9
-41033
4201 (base 5) to base 15
26b
f3d (base 16) to base 12
2311
Convert 1208c (base 13) to base 2.
1000000100101111
Convert 112120201 (base 3) to base 2.
10100110000110
-1999 (base 10) to base 13
-baa
Convert 21111022 (base 3) to base 15.
1942
13541 (base 6) to base 2
100001100101
Convert 200200002 (base 3) to base 10.
13610
110221 (base 3) to base 16
15d
What is 200002011 (base 3) in base 9?
20064
What is 11011111000010 (base 2) in base 8?
33702
What is 13 (base 9) in base 15?
c
Convert -1011 (base 8) to base 2.
-1000001001
Convert 11004 (base 5) to base 6.
3254
-1740e (base 16) to base 7
-544454
-33025 (base 6) to base 7
-16163
What is 23100 (base 5) in base 15?
750
What is 816 (base 10) in base 13?
4aa
Convert -3352 (base 9) to base 14.
-c8d
Convert 2120 (base 5) to base 15.
140
What is -502242 (base 7) in base 4?
-110231301
What is -1120222 (base 3) in base 16?
-488
Convert -242024 (base 6) to base 11.
-14a09
Convert 1412441 (base 5) to base 6.
342453
What is -32443 (base 5) in base 3?
-10002021
What is 171 (base 14) in base 8?
447
What is 260 (base 12) in base 16?
168
Convert 1010101100000 (base 2) to base 10.
5472
25532 (base 6) to base 8
7440
What is 1c (base 14) in base 3?
222
What is -222 (base 13) in base 6?
-1410
-15c (base 14) to base 15
-138
What is 16263 (base 7) in base 9?
6273
What is -32423 (base 5) in base 7?
-6345
What is -274 (base 8) in base 16?
-bc
Convert 3887 (base 14) to base 9.
14541
-330310 (base 4) to base 14
-15c0
-56 (base 14) to base 9
-84
Convert -2452 (base 7) to base 14.
-499
Convert -61a4 (base 12) to base 6.
-121124
Convert -111111011011 (base 2) to base 8.
-7733
-12c (base 15) to base 8
-413
What is ba (base 16) in base 8?
272
What is -608 (base 14) in base 8?
-2240
What is 23c (base 13) in base 3?
112102
-14335 (base 8) to base 14
-2469
14162 (base 11) to base 8
47272
Convert -132226 (base 7) to base 15.
-7544
Convert 477 (base 12) to base 7.
1642
What is ebd (base 16) in base 11?
2920
89 (base 13) to base 6
305
-b23 (base 12) to base 11
-1235
Convert -2652 (base 9) to base 8.
-3707
Convert -11754 (base 9) to base 11.
-5a38
What is 123120 (base 5) in base 4?
1022301
-ad7 (base 16) to base 9
-3723
Convert -2335 (base 8) to base 7.
-3426
What is -2011 (base 3) in base 14?
-42
Convert 13121 (base 7) to base 11.
2697
What is 333002 (base 4) in base 5?
112114
Convert 58 (base 9) to base 11.
49
-411 (base 5) to base 12
-8a
725 (base 11) to base 10
874
What is -b0d5 (base 15) in base 7?
-213551
Conve